 base 15.
12ea1
7222387 (base 9) to base 7
44515330
1301253 (base 9) to base 7
6013410
What is 101100010101000101 (base 2) in base 5?
21302243
1143124441 (base 6) to base 5
11313402200
What is 242263 (base 13) in base 5?
210033033
Convert 11010011110101111 (base 2) to base 4.
122132233
2032100032 (base 4) to base 8
2162016
3a607 (base 16) to base 2
111010011000000111
Convert -12011111110001 (base 3) to base 15.
-393844
Convert 9030a (base 16) to base 7.
5006605
What is -4203364 (base 8) in base 15?
-17097c
Convert 220200212110 (base 3) to base 13.
14037c
What is -3034439 (base 11) in base 12?
-1968520
Convert 566781 (base 10) to base 15.
b2e06
101320002 (base 4) to base 13
27432
-370787 (base 9) to base 4
-312213220
Convert 387ca (base 14) to base 4.
201313332
1680318 (base 13) to base 14
d7851d
What is 20286a (base 11) in base 2?
1001111100010110000
Convert 203134110 (base 5) to base 13.
2325b4
What is -4122b (base 15) in base 13?
-72c14
688c1 (base 14) to base 11
163a78
-315d54 (base 16) to base 4
-30111311110
-368362 (base 9) to base 10
-222644
What is -2101020 (base 4) in base 11?
-6a84
What is -247a97 (base 15) in base 8?
-6524503
110722 (base 14) to base 2
10001101000001101010
Convert 4086827 (base 9) to base 14.
40b93d
16a9aa (base 11) to base 13
92b8a
What is -20030120213 (base 4) in base 15?
-2c661e
Convert 95198 (base 10) to base 2.
10111001111011110
Convert 216445 (base 16) to base 7.
24413023
Convert -29638 (base 15) to base 5.
-13224103
What is 111111110100110 (base 2) in base 12?
16ab2
What is 3654 (base 12) in base 8?
13740
What is 121800 (base 10) in base 11?
83568
What is 32301112 (base 4) in base 3?
10001222211
What is -13331132333 (base 4) in base 7?
-23511050
d86c (base 15) to base 14
1297b
1684a (base 13) to base 6
531445
What is 130403 (base 7) in base 16?
5e91
Convert -1160484 (base 9) to base 3.
-1012000112211
What is 2a898 (base 12) in base 8?
165164
14104344 (base 5) to base 4
203033131
What is 5770c (base 13) in base 16?
26e93
What is 1063880 (base 10) in base 7?
12020456
-400403 (base 10) to base 12
-17386b
What is 664bef (base 16) in base 5?
3204012421
-87426 (base 12) to base 13
-63399
Convert -100001011101000000000 (base 2) to base 11.
-689649
103551554 (base 6) to base 10
1865374
Convert 5cc50 (base 14) to base 11.
145965
-6c1072 (base 14) to base 2
-1110000101000100011100
What is 21233133230 (base 4) in base 9?
4722175
-55a548 (base 13) to base 3
-10210201212021
What is -5a3d2 (base 15) in base 3?
-112121201022
Convert fac5 (base 16) to base 3.
10021001200
Convert 43122242 (base 5) to base 10.
364072
-9080ad (base 14) to base 7
-56221306
4448587 (base 11) to base 15
a41340
Convert 1101331223 (base 4) to base 10.
335723
What is 2320211002 (base 4) in base 10?
756034
-101100110111000101100 (base 2) to base 4
-11212320230
What is 22420012 (base 5) in base 7?
1465520
Convert 1266116 (base 13) to base 6.
323155255
23410 (base 7) to base 12
35aa
-40243205 (base 6) to base 14
-219c69
-265106 (base 8) to base 15
-1c72c
What is -3046661 (base 9) in base 6?
-54501214
What is -4413340 (base 5) in base 10?
-76095
What is 103003211 (base 4) in base 2?
10011000011100101
What is -589216 (base 10) in base 14?
-114a2c
Convert 1102210110211 (base 3) to base 14.
15c3d7
-483847 (base 13) to base 6
-100522354
-11021212220 (base 3) to base 7
-501204
What is -302212303 (base 4) in base 2?
-110010100110110011
What is 1199947 (base 12) in base 5?
1340011333
Convert -1100001100101100 (base 2) to base 7.
-265445
Convert -6460442 (base 10) to base 4.
-120221100122
Convert 4465124 (base 9) to base 11.
13a2a71
What is -1974855 (base 11) in base 16?
-32cf43
Convert -89906 (base 13) to base 12.
-100678
What is -144988 (base 11) in base 4?
-313031030
What is 10000110001010010 (base 2) in base 3?
10111020002
688892 (base 10) to base 4
2220023330
What is -14808d5 (base 14) in base 10?
-9989915
What is 111111000001000101011 (base 2) in base 10?
2064939
Convert -200424 (base 6) to base 9.
-23487
-34c95 (base 13) to base 10
-96621
Convert -1050410223 (base 6) to base 15.
-10254e3
What is 100222011 (base 3) in base 7?
30121
Convert 114731 (base 8) to base 12.
1a961
-79815 (base 10) to base 8
-233707
-190b575 (base 12) to base 2
-10100000000100101101001
-41458 (base 12) to base 8
-246504
Convert 588148 (base 9) to base 10.
353690
Convert -dec8cb (base 15) to base 4.
-220201202030
d17792 (base 15) to base 14
146d43b
What is -53214 (base 12) in base 5?
-11443133
What is -1b76a1 (base 14) in base 3?
-1211211120120
Convert 240043420 (base 5) to base 12.
44a827
-131012300 (base 4) to base 14
-31636
Convert 11101001001111111010 (base 2) to base 10.
955386
What is 202013023 (base 4) in base 12?
68a37
98875 (base 13) to base 9
460627
1852 (base 15) to base 13
2510
What is 69793a (base 11) in base 8?
4165054
Convert -3002986 (base 10) to base 2.
-1011011101001001101010
-1565607 (base 8) to base 14
-bb3b9
142184 (base 14) to base 2
10101010001111001000
-965884 (base 10) to base 15
-1412c4
Convert -10201303312 (base 4) to base 10.
-1187062
What is 3114104 (base 5) in base 14?
148dc
Convert 212301213030 (base 4) to base 10.
10164684
What is -31123301 (base 4) in base 11?
-38383
What is -b3b22 (base 15) in base 4?
-2023002203
124247 (base 14) to base 16
98da7
What is 2630536 (base 7) in base 10?
343615
18375 (base 9) to base 13
5a23
What is -406273 (base 10) in base 4?
-1203030001
Convert -433503 (base 6) to base 9.
-54123
Convert 1010011120102 (base 3) to base 13.
17a398
Convert 6de455 (base 15) to base 16.
504d0d
What is -101101110100111101000101 (base 2) in base 12?
-4034231
853073 (base 9) to base 4
1323320322
Convert 3243442020 (base 5) to base 6.
410210020
What is 82454 (base 11) in base 5?
12322313
-3a63a3 (base 16) to base 9
-7172082
Convert 362637 (base 9) to base 12.
a6537
Convert -4447034 (base 11) to base 10.
-7798366
-323142021 (base 5) to base 14
-27d34a
-316144 (base 9) to base 3
-100120011111
40976a (base 11) to base 13
1a0128
What is -1532847 (base 10) in base 11?
-957718
Convert -20a77 (base 11) to base 7.
-155100
What is 1001001000101111000 (base 2) in base 12?
125308
What is -3632993 (base 10) in base 8?
-15667541
14212 (base 12) to base 14
a286
8263 (base 13) to base 4
10121023
Convert 3817c5 (base 13) to base 11.
83a223
-1202201002000 (base 3) to base 15
-138356
1016618 (base 9) to base 5
114333004
What is -136034204 (base 7) in base 3?
-121211201002112
1d42a (base 15) to base 16
174d0
What is -44014 (base 7) in base 2?
-10101011101011
11102013312 (base 4) to base 6
45403450
Convert 1101000101100010100101 (base 2) to base 5.
1334234230
Convert -30ba31 (base 12) to base 11.
-484276
Convert -6111815 (base 9) to base 12.
-111007b
What is -101011010001100111 (base 2) in base 6?
-3444343
What is -3a109 (base 14) in base 11?
-983a3
What is -15063552 (base 7) in base 15?
-1d2e70
Convert 8b2652 (base 16) to base 13.
1b73a59
206a85 (base 13) to base 6
24123131
Convert -2810331 (base 10) to base 15.
-3a7a56
What is -20210020102 (base 3) in base 12?
-65378
-50666006 (base 7) to base 15
-589c52
Convert 310123301 (base 5) to base 4.
10302112222
-6224658 (base 11) to base 10
-10986863
What is -22655571 (base 8) in base 11?
-2873502
11a82 (base 16) to base 15
16667
1731083 (base 10) to base 11
a82652
3444123 (base 5) to base 9
104547
-10110110100101010 (base 2) to base 8
-266452
What is -1222002313 (base 4) in base 6?
-13150531
457425 (base 8) to base 9
256161
Convert 1101100110110101 (base 2) to base 4.
31212311
What is -2ed5c3 (base 15) in base 5?
-1040211213
18510a2 (base 11) to base 12
1072021
What is -62456034 (base 7) in base 11?
-2a71354
What is -1c2a8 (base 13) in base 8?
-154151
-278cc0 (base 16) to base 14
-4b6824
What is -146a84 (base 11) in base 10?
-228903
344242 (base 8) to base 10
116898
Convert -2130545 (base 6) to base 16.
-19ae1
-24134324 (base 5) to base 11
-143605
222330330 (base 4) to base 11
1101a9
Convert 2023311331 (base 4) to base 2.
10001011110101111101
Convert 3d606 (base 14) to base 11.
a4305
What is 3331442124 (base 5) in base 2?
11011110101011000011011
Convert 742a7 (base 14) to base 16.
4476b
What is 203332102 (base 4) in base 2?
100011111110010010
Convert 2d22be (base 15) to base 14.
40c022
1302201211 (base 4) to base 1